{"id":314,"date":"2024-10-16T03:18:55","date_gmt":"2024-10-16T03:18:55","guid":{"rendered":"https:\/\/reinventandofuturos.com.br\/erf\/?page_id=314"},"modified":"2024-10-16T03:26:35","modified_gmt":"2024-10-16T03:26:35","slug":"artesanato-com-materiais-reciclaveis","status":"publish","type":"page","link":"https:\/\/reinventandofuturos.com.br\/erf\/artesanato-com-materiais-reciclaveis\/","title":{"rendered":"Artesanato com Materiais Recicl\u00e1veis"},"content":{"rendered":"\t\t<div data-elementor-type=\"wp-page\" data-elementor-id=\"314\" class=\"elementor elementor-314\" data-elementor-post-type=\"page\">\n\t\t\t\t\t\t<section class=\"elementor-section elementor-top-section elementor-element elementor-element-8b83877 elementor-section-boxed elementor-section-height-default elementor-section-height-default\" data-id=\"8b83877\" data-element_type=\"section\" data-e-type=\"section\" data-settings=\"{&quot;background_background&quot;:&quot;classic&quot;}\">\n\t\t\t\t\t\t<div class=\"elementor-container elementor-column-gap-default\">\n\t\t\t\t\t<div class=\"elementor-column elementor-col-100 elementor-top-column elementor-element elementor-element-40bb0f8\" data-id=\"40bb0f8\" data-element_type=\"column\" data-e-type=\"column\">\n\t\t\t<div class=\"elementor-widget-wrap elementor-element-populated\">\n\t\t\t\t\t\t\t<\/div>\n\t\t<\/div>\n\t\t\t\t\t<\/div>\n\t\t<\/section>\n\t\t\t\t<section class=\"elementor-section elementor-top-section elementor-element elementor-element-9249f3c elementor-section-boxed elementor-section-height-default elementor-section-height-default\" data-id=\"9249f3c\" data-element_type=\"section\" data-e-type=\"section\">\n\t\t\t\t\t\t<div class=\"elementor-container elementor-column-gap-default\">\n\t\t\t\t\t<div class=\"elementor-column elementor-col-100 elementor-top-column elementor-element elementor-element-b0aa045\" data-id=\"b0aa045\" data-element_type=\"column\" data-e-type=\"column\">\n\t\t\t<div class=\"elementor-widget-wrap elementor-element-populated\">\n\t\t\t\t\t\t<div class=\"elementor-element elementor-element-3014ff7 elementor-widget elementor-widget-text-editor\" data-id=\"3014ff7\" data-element_type=\"widget\" data-e-type=\"widget\" data-widget_type=\"text-editor.default\">\n\t\t\t\t<div class=\"elementor-widget-container\">\n\t\t\t\t\t\t\t\t\t<p><b>Oficina de Cria\u00e7\u00e3o de Artesanato com Materiais Recicl\u00e1veis<\/b><\/p><p><span style=\"font-weight: 400;\">Esta oficina pr\u00e1tica ensinar\u00e1 os participantes a transformar materiais recicl\u00e1veis em obras de arte. Atrav\u00e9s de demonstra\u00e7\u00f5es e atividades pr\u00e1ticas, os participantes aprender\u00e3o t\u00e9cnicas de reciclagem e reutiliza\u00e7\u00e3o, e ser\u00e3o incentivados a ver o lixo como uma fonte valiosa de mat\u00e9ria-prima. O objetivo \u00e9 promover a consci\u00eancia ambiental e a criatividade atrav\u00e9s da arte.<\/span><\/p><p><b>DURA\u00c7\u00c3O E CARGA HOR\u00c1RIA:<\/b><\/p><p><span style=\"font-weight: 400;\">A oficina acontecer\u00e1 no dia 08\/11, das 09 \u00e0s 17h, na cidade de Ribeira do Pombal.<\/span><\/p><p><b>P\u00daBLICO ALVO:<\/b><\/p><p><span style=\"font-weight: 400;\">Mulheres, adultos, produtores locais, empreendedores criativos, estudantes, jovens, artistas e agentes de transforma\u00e7\u00e3o das cidades por onde a expedi\u00e7\u00e3o circula.<\/span><\/p><p><b>METODOLOGIA:<\/b><\/p><p><span style=\"font-weight: 400;\">A oficina ser\u00e1 conduzida atrav\u00e9s de demonstra\u00e7\u00f5es pr\u00e1ticas, seguidas por sess\u00f5es de trabalho onde os participantes poder\u00e3o criar suas pr\u00f3prias pe\u00e7as de artesanato. Ser\u00e3o incentivadas a experimenta\u00e7\u00e3o e a criatividade.<\/span><\/p><p><b>OFICINEIRO<\/b><span style=\"font-weight: 400;\">: <\/span><b>YANN PELLISSIER<\/b><\/p><p><span style=\"font-weight: 400;\">Doutor em antropologia pela UFBA e desenvolvedor da PLASTICARIA e da LOWTECH, startup socioambiental que transforma os res\u00edduos pl\u00e1sticos com solu\u00e7\u00f5es de baixa tecnologia para dar mais sentido \u00e0 economia circular e \u00e0 log\u00edstica reversa.<\/span><\/p><p><span style=\"font-weight: 400;\">Pesquisador em ci\u00eancias humanas e especialista em trabalho de campo, atua em uma perspectiva complexa e multidimensional da sustentabilidade e trabalha para uma abordagem pr\u00e1tica dos desafios da transi\u00e7\u00e3o ecol\u00f3gica. Como exemplo, nas a\u00e7\u00f5es voltadas para a sensibiliza\u00e7\u00e3o sobre o consumo pl\u00e1stico e ateli\u00eas locais de fabrica\u00e7\u00e3o de objetos com res\u00edduos, o trabalho educativo da Plasticaria procura trazer de forma simples as ferramentas para fechar os ciclos de vida dos materiais no cotidiano das pessoas.<\/span><\/p>\t\t\t\t\t\t\t\t<\/div>\n\t\t\t\t<\/div>\n\t\t\t\t<div class=\"elementor-element elementor-element-2e62b4f elementor-widget elementor-widget-gallery\" data-id=\"2e62b4f\" data-element_type=\"widget\" data-e-type=\"widget\" data-settings=\"{&quot;gallery_layout&quot;:&quot;justified&quot;,&quot;gap&quot;:{&quot;unit&quot;:&quot;px&quot;,&quot;size&quot;:0,&quot;sizes&quot;:[]},&quot;lazyload&quot;:&quot;yes&quot;,&quot;ideal_row_height&quot;:{&quot;unit&quot;:&quot;px&quot;,&quot;size&quot;:200,&quot;sizes&quot;:[]},&quot;ideal_row_height_tablet&quot;:{&quot;unit&quot;:&quot;px&quot;,&quot;size&quot;:150,&quot;sizes&quot;:[]},&quot;ideal_row_height_mobile&quot;:{&quot;unit&quot;:&quot;px&quot;,&quot;size&quot;:150,&quot;sizes&quot;:[]},&quot;gap_tablet&quot;:{&quot;unit&quot;:&quot;px&quot;,&quot;size&quot;:10,&quot;sizes&quot;:[]},&quot;gap_mobile&quot;:{&quot;unit&quot;:&quot;px&quot;,&quot;size&quot;:10,&quot;sizes&quot;:[]},&quot;link_to&quot;:&quot;file&quot;,&quot;overlay_background&quot;:&quot;yes&quot;,&quot;content_hover_animation&quot;:&quot;fade-in&quot;}\" data-widget_type=\"gallery.default\">\n\t\t\t\t<div class=\"elementor-widget-container\">\n\t\t\t\t\t\t\t<div class=\"elementor-gallery__container\">\n\t\t\t\t\t\t\t<a class=\"e-gallery-item elementor-gallery-item elementor-animated-content\" href=\"https:\/\/reinventandofuturos.com.br\/erf\/wp-content\/uploads\/2024\/10\/plasticaria00.jpg\" data-elementor-open-lightbox=\"yes\" data-elementor-lightbox-slideshow=\"2e62b4f\" data-elementor-lightbox-title=\"plasticaria00\" data-e-action-hash=\"#elementor-action%3Aaction%3Dlightbox%26settings%3DeyJpZCI6MzE3LCJ1cmwiOiJodHRwczpcL1wvcmVpbnZlbnRhbmRvZnV0dXJvcy5jb20uYnJcL2VyZlwvd3AtY29udGVudFwvdXBsb2Fkc1wvMjAyNFwvMTBcL3BsYXN0aWNhcmlhMDAuanBnIiwic2xpZGVzaG93IjoiMmU2MmI0ZiJ9\">\n\t\t\t\t\t<div class=\"e-gallery-image elementor-gallery-item__image\" data-thumbnail=\"https:\/\/reinventandofuturos.com.br\/erf\/wp-content\/uploads\/2024\/10\/plasticaria00-300x200.jpg\" data-width=\"300\" data-height=\"200\" aria-label=\"\" role=\"img\" ><\/div>\n\t\t\t\t\t\t\t\t\t\t\t<div class=\"elementor-gallery-item__overlay\"><\/div>\n\t\t\t\t\t\t\t\t\t\t\t\t\t\t<\/a>\n\t\t\t\t\t\t\t<a class=\"e-gallery-item elementor-gallery-item elementor-animated-content\" href=\"https:\/\/reinventandofuturos.com.br\/erf\/wp-content\/uploads\/2024\/10\/plasticaria02.jpg\" data-elementor-open-lightbox=\"yes\" data-elementor-lightbox-slideshow=\"2e62b4f\" data-elementor-lightbox-title=\"plasticaria02\" data-e-action-hash=\"#elementor-action%3Aaction%3Dlightbox%26settings%3DeyJpZCI6MzE5LCJ1cmwiOiJodHRwczpcL1wvcmVpbnZlbnRhbmRvZnV0dXJvcy5jb20uYnJcL2VyZlwvd3AtY29udGVudFwvdXBsb2Fkc1wvMjAyNFwvMTBcL3BsYXN0aWNhcmlhMDIuanBnIiwic2xpZGVzaG93IjoiMmU2MmI0ZiJ9\">\n\t\t\t\t\t<div class=\"e-gallery-image elementor-gallery-item__image\" data-thumbnail=\"https:\/\/reinventandofuturos.com.br\/erf\/wp-content\/uploads\/2024\/10\/plasticaria02-240x300.jpg\" data-width=\"240\" data-height=\"300\" aria-label=\"\" role=\"img\" ><\/div>\n\t\t\t\t\t\t\t\t\t\t\t<div class=\"elementor-gallery-item__overlay\"><\/div>\n\t\t\t\t\t\t\t\t\t\t\t\t\t\t<\/a>\n\t\t\t\t\t\t\t<a class=\"e-gallery-item elementor-gallery-item elementor-animated-content\" href=\"https:\/\/reinventandofuturos.com.br\/erf\/wp-content\/uploads\/2024\/10\/plasticaria03.jpg\" data-elementor-open-lightbox=\"yes\" data-elementor-lightbox-slideshow=\"2e62b4f\" data-elementor-lightbox-title=\"plasticaria03\" data-e-action-hash=\"#elementor-action%3Aaction%3Dlightbox%26settings%3DeyJpZCI6MzIwLCJ1cmwiOiJodHRwczpcL1wvcmVpbnZlbnRhbmRvZnV0dXJvcy5jb20uYnJcL2VyZlwvd3AtY29udGVudFwvdXBsb2Fkc1wvMjAyNFwvMTBcL3BsYXN0aWNhcmlhMDMuanBnIiwic2xpZGVzaG93IjoiMmU2MmI0ZiJ9\">\n\t\t\t\t\t<div class=\"e-gallery-image elementor-gallery-item__image\" data-thumbnail=\"https:\/\/reinventandofuturos.com.br\/erf\/wp-content\/uploads\/2024\/10\/plasticaria03-300x227.jpg\" data-width=\"300\" data-height=\"227\" aria-label=\"\" role=\"img\" ><\/div>\n\t\t\t\t\t\t\t\t\t\t\t<div class=\"elementor-gallery-item__overlay\"><\/div>\n\t\t\t\t\t\t\t\t\t\t\t\t\t\t<\/a>\n\t\t\t\t\t\t\t<a class=\"e-gallery-item elementor-gallery-item elementor-animated-content\" href=\"https:\/\/reinventandofuturos.com.br\/erf\/wp-content\/uploads\/2024\/10\/plasticaria04.jpg\" data-elementor-open-lightbox=\"yes\" data-elementor-lightbox-slideshow=\"2e62b4f\" data-elementor-lightbox-title=\"plasticaria04\" data-e-action-hash=\"#elementor-action%3Aaction%3Dlightbox%26settings%3DeyJpZCI6MzIxLCJ1cmwiOiJodHRwczpcL1wvcmVpbnZlbnRhbmRvZnV0dXJvcy5jb20uYnJcL2VyZlwvd3AtY29udGVudFwvdXBsb2Fkc1wvMjAyNFwvMTBcL3BsYXN0aWNhcmlhMDQuanBnIiwic2xpZGVzaG93IjoiMmU2MmI0ZiJ9\">\n\t\t\t\t\t<div class=\"e-gallery-image elementor-gallery-item__image\" data-thumbnail=\"https:\/\/reinventandofuturos.com.br\/erf\/wp-content\/uploads\/2024\/10\/plasticaria04-200x300.jpg\" data-width=\"200\" data-height=\"300\" aria-label=\"\" role=\"img\" ><\/div>\n\t\t\t\t\t\t\t\t\t\t\t<div class=\"elementor-gallery-item__overlay\"><\/div>\n\t\t\t\t\t\t\t\t\t\t\t\t\t\t<\/a>\n\t\t\t\t\t\t\t<a class=\"e-gallery-item elementor-gallery-item elementor-animated-content\" href=\"https:\/\/reinventandofuturos.com.br\/erf\/wp-content\/uploads\/2024\/10\/plasticaria05.jpg\" data-elementor-open-lightbox=\"yes\" data-elementor-lightbox-slideshow=\"2e62b4f\" data-elementor-lightbox-title=\"plasticaria05\" data-e-action-hash=\"#elementor-action%3Aaction%3Dlightbox%26settings%3DeyJpZCI6MzIyLCJ1cmwiOiJodHRwczpcL1wvcmVpbnZlbnRhbmRvZnV0dXJvcy5jb20uYnJcL2VyZlwvd3AtY29udGVudFwvdXBsb2Fkc1wvMjAyNFwvMTBcL3BsYXN0aWNhcmlhMDUuanBnIiwic2xpZGVzaG93IjoiMmU2MmI0ZiJ9\">\n\t\t\t\t\t<div class=\"e-gallery-image elementor-gallery-item__image\" data-thumbnail=\"https:\/\/reinventandofuturos.com.br\/erf\/wp-content\/uploads\/2024\/10\/plasticaria05-300x200.jpg\" data-width=\"300\" data-height=\"200\" aria-label=\"\" role=\"img\" ><\/div>\n\t\t\t\t\t\t\t\t\t\t\t<div class=\"elementor-gallery-item__overlay\"><\/div>\n\t\t\t\t\t\t\t\t\t\t\t\t\t\t<\/a>\n\t\t\t\t\t<\/div>\n\t\t\t\t\t<\/div>\n\t\t\t\t<\/div>\n\t\t\t\t<div class=\"elementor-element elementor-element-f244a09 elementor-align-justify elementor-invisible elementor-widget elementor-widget-button\" data-id=\"f244a09\" data-element_type=\"widget\" data-e-type=\"widget\" data-settings=\"{&quot;_animation&quot;:&quot;fadeInUp&quot;}\" data-widget_type=\"button.default\">\n\t\t\t\t<div class=\"elementor-widget-container\">\n\t\t\t\t\t\t\t\t\t<div class=\"elementor-button-wrapper\">\n\t\t\t\t\t<a class=\"elementor-button elementor-button-link elementor-size-sm\" href=\"https:\/\/reinventandofuturos.com.br\/erf\/inscricao\/\">\n\t\t\t\t\t\t<span class=\"elementor-button-content-wrapper\">\n\t\t\t\t\t\t\t\t\t<span class=\"elementor-button-text\">INSCREVA-SE<\/span>\n\t\t\t\t\t<\/span>\n\t\t\t\t\t<\/a>\n\t\t\t\t<\/div>\n\t\t\t\t\t\t\t\t<\/div>\n\t\t\t\t<\/div>\n\t\t\t\t\t<\/div>\n\t\t<\/div>\n\t\t\t\t\t<\/div>\n\t\t<\/section>\n\t\t\t\t<\/div>\n\t\t","protected":false},"excerpt":{"rendered":"<p>Oficina de Cria\u00e7\u00e3o de Artesanato com Materiais Recicl\u00e1veis Esta oficina pr\u00e1tica ensinar\u00e1 os participantes a transformar materiais recicl\u00e1veis em obras de arte. Atrav\u00e9s de demonstra\u00e7\u00f5es e atividades pr\u00e1ticas, os participantes aprender\u00e3o t\u00e9cnicas de reciclagem e reutiliza\u00e7\u00e3o, e ser\u00e3o incentivados a ver o lixo como uma fonte valiosa de mat\u00e9ria-prima. O objetivo \u00e9 promover a consci\u00eancia [&hellip;]<\/p>\n","protected":false},"author":1,"featured_media":0,"parent":0,"menu_order":0,"comment_status":"closed","ping_status":"closed","template":"elementor_header_footer","meta":{"footnotes":""},"class_list":["post-314","page","type-page","status-publish","hentry"],"_links":{"self":[{"href":"https:\/\/reinventandofuturos.com.br\/erf\/wp-json\/wp\/v2\/pages\/314","targetHints":{"allow":["GET"]}}],"collection":[{"href":"https:\/\/reinventandofuturos.com.br\/erf\/wp-json\/wp\/v2\/pages"}],"about":[{"href":"https:\/\/reinventandofuturos.com.br\/erf\/wp-json\/wp\/v2\/types\/page"}],"author":[{"embeddable":true,"href":"https:\/\/reinventandofuturos.com.br\/erf\/wp-json\/wp\/v2\/users\/1"}],"replies":[{"embeddable":true,"href":"https:\/\/reinventandofuturos.com.br\/erf\/wp-json\/wp\/v2\/comments?post=314"}],"version-history":[{"count":4,"href":"https:\/\/reinventandofuturos.com.br\/erf\/wp-json\/wp\/v2\/pages\/314\/revisions"}],"predecessor-version":[{"id":325,"href":"https:\/\/reinventandofuturos.com.br\/erf\/wp-json\/wp\/v2\/pages\/314\/revisions\/325"}],"wp:attachment":[{"href":"https:\/\/reinventandofuturos.com.br\/erf\/wp-json\/wp\/v2\/media?parent=314"}],"curies":[{"name":"wp","href":"https:\/\/api.w.org\/{rel}","templated":true}]}}